{"id":8,"date":"2018-03-25T14:09:15","date_gmt":"2018-03-25T14:09:15","guid":{"rendered":"http:\/\/rau-bal.hu\/?page_id=8"},"modified":"2023-09-22T06:39:53","modified_gmt":"2023-09-22T06:39:53","slug":"nevjegy","status":"publish","type":"page","link":"https:\/\/rau-bal.hu\/index.php\/nevjegy\/","title":{"rendered":"N\u00e9vjegy"},"content":{"rendered":"<h2><small><span class=\"nev\">RAU-BAL Kereskedelmi \u00e9s Szolg\u00e1ltat\u00f3 Korl\u00e1tolt Felel\u0151ss\u00e9g\u0171 T\u00e1rsas\u00e1g<br \/>\n<\/span><\/small><\/h2>\n<p><strong>Sz\u00e9khely:<\/strong> 7631 P\u00e9cs, Nagypostav\u00f6lgyi \u00fat 48.<br \/>\n<strong>E-mail c\u00edm:<\/strong> info@rau-bal.hu<br \/>\n<strong>C\u00e9gjegyz\u00e9ksz\u00e1m:\u00a0<\/strong>02-09-077537<strong><br \/>\nAd\u00f3sz\u00e1m:<\/strong>\u00a023397347-2-02<br \/>\n<strong>K\u00f6z\u00f6ss\u00e9gi ad\u00f3sz\u00e1m:<\/strong><em>\u00a0<\/em>HU23397347<br \/>\n<strong>Statisztikai sz\u00e1mjel:<\/strong>\u00a023397347-6920-113-02<br \/>\n<strong>Banksz\u00e1mlasz\u00e1m:<\/strong>\u00a0 11731056-20000291-00000000<br \/>\n<strong>Alap\u00edt\u00e1s d\u00e1tuma<\/strong>:\u00a02011. j\u00fanius 14.<\/p>\n<h5>K\u00f6nyvel\u0151ink:<\/h5>\n<p><strong>Rauchn\u00e9 Csenki Anna<\/strong><br \/>\n+36 30\/697-39-63<\/p>\n<p><strong>Rauch Anna<\/strong><br \/>\n+36 30\/646-8136<img loading=\"lazy\" decoding=\"async\" class=\"aligncenter wp-image-189 size-large\" src=\"http:\/\/rau-bal.hu\/wp-content\/uploads\/2023\/09\/nyomda_tabla_A1-1024x723.jpg\" alt=\"\" width=\"840\" height=\"593\" srcset=\"https:\/\/rau-bal.hu\/wp-content\/uploads\/2023\/09\/nyomda_tabla_A1-1024x723.jpg 1024w, https:\/\/rau-bal.hu\/wp-content\/uploads\/2023\/09\/nyomda_tabla_A1-300x212.jpg 300w, https:\/\/rau-bal.hu\/wp-content\/uploads\/2023\/09\/nyomda_tabla_A1-768x542.jpg 768w, https:\/\/rau-bal.hu\/wp-content\/uploads\/2023\/09\/nyomda_tabla_A1-1200x848.jpg 1200w\" sizes=\"auto, (max-width: 709px) 85vw, (max-width: 909px) 67vw, (max-width: 1362px) 62vw, 840px\" \/><\/p>\n","protected":false},"excerpt":{"rendered":"<p>RAU-BAL Kereskedelmi \u00e9s Szolg\u00e1ltat\u00f3 Korl\u00e1tolt Felel\u0151ss\u00e9g\u0171 T\u00e1rsas\u00e1g Sz\u00e9khely: 7631 P\u00e9cs, Nagypostav\u00f6lgyi \u00fat 48. E-mail c\u00edm: info@rau-bal.hu C\u00e9gjegyz\u00e9ksz\u00e1m:\u00a002-09-077537 Ad\u00f3sz\u00e1m:\u00a023397347-2-02 K\u00f6z\u00f6ss\u00e9gi ad\u00f3sz\u00e1m:\u00a0HU23397347 Statisztikai sz\u00e1mjel:\u00a023397347-6920-113-02 Banksz\u00e1mlasz\u00e1m:\u00a0 11731056-20000291-00000000 Alap\u00edt\u00e1s d\u00e1tuma:\u00a02011. j\u00fanius 14. K\u00f6nyvel\u0151ink: Rauchn\u00e9 Csenki Anna +36 30\/697-39-63 Rauch Anna +36 30\/646-8136<\/p>\n","protected":false},"author":1,"featured_media":0,"parent":0,"menu_order":0,"comment_status":"closed","ping_status":"closed","template":"","meta":{"footnotes":""},"class_list":["post-8","page","type-page","status-publish","hentry"],"_links":{"self":[{"href":"https:\/\/rau-bal.hu\/index.php\/wp-json\/wp\/v2\/pages\/8","targetHints":{"allow":["GET"]}}],"collection":[{"href":"https:\/\/rau-bal.hu\/index.php\/wp-json\/wp\/v2\/pages"}],"about":[{"href":"https:\/\/rau-bal.hu\/index.php\/wp-json\/wp\/v2\/types\/page"}],"author":[{"embeddable":true,"href":"https:\/\/rau-bal.hu\/index.php\/wp-json\/wp\/v2\/users\/1"}],"replies":[{"embeddable":true,"href":"https:\/\/rau-bal.hu\/index.php\/wp-json\/wp\/v2\/comments?post=8"}],"version-history":[{"count":14,"href":"https:\/\/rau-bal.hu\/index.php\/wp-json\/wp\/v2\/pages\/8\/revisions"}],"predecessor-version":[{"id":193,"href":"https:\/\/rau-bal.hu\/index.php\/wp-json\/wp\/v2\/pages\/8\/revisions\/193"}],"wp:attachment":[{"href":"https:\/\/rau-bal.hu\/index.php\/wp-json\/wp\/v2\/media?parent=8"}],"curies":[{"name":"wp","href":"https:\/\/api.w.org\/{rel}","templated":true}]}}